{"id":161,"date":"2024-07-09T15:48:49","date_gmt":"2024-07-09T13:48:49","guid":{"rendered":"https:\/\/tomas-kobi.ch\/cms\/?page_id=161"},"modified":"2025-10-10T13:28:51","modified_gmt":"2025-10-10T11:28:51","slug":"referenzen","status":"publish","type":"page","link":"https:\/\/tomas-kobi.ch\/cms\/referenzen\/","title":{"rendered":"Referenzen"},"content":{"rendered":"\t\t<div data-elementor-type=\"wp-page\" data-elementor-id=\"161\" class=\"elementor elementor-161\">\n\t\t\t\t<div class=\"elementor-element elementor-element-f63fdcf e-flex e-con-boxed e-con e-parent\" data-id=\"f63fdcf\" data-element_type=\"container\" data-e-type=\"container\">\n\t\t\t\t\t<div class=\"e-con-inner\">\n\t\t\t\t<div class=\"elementor-element elementor-element-3083dd1 elementor-widget elementor-widget-spacer\" data-id=\"3083dd1\" data-element_type=\"widget\" data-e-type=\"widget\" data-widget_type=\"spacer.default\">\n\t\t\t\t<div class=\"elementor-widget-container\">\n\t\t\t\t\t\t\t<div class=\"elementor-spacer\">\n\t\t\t<div class=\"elementor-spacer-inner\"><\/div>\n\t\t<\/div>\n\t\t\t\t\t\t<\/div>\n\t\t\t\t<\/div>\n\t\t\t\t<div class=\"elementor-element elementor-element-5e061d6 elementor-widget elementor-widget-heading\" data-id=\"5e061d6\" data-element_type=\"widget\" data-e-type=\"widget\" data-widget_type=\"heading.default\">\n\t\t\t\t<div class=\"elementor-widget-container\">\n\t\t\t\t\t<h2 class=\"elementor-heading-title elementor-size-default\">Referenzen von Institutionen mit denen ich zusammenarbeite<\/h2>\t\t\t\t<\/div>\n\t\t\t\t<\/div>\n\t\t\t\t<div class=\"elementor-element elementor-element-b8d928e elementor-widget elementor-widget-text-editor\" data-id=\"b8d928e\" data-element_type=\"widget\" data-e-type=\"widget\" data-widget_type=\"text-editor.default\">\n\t\t\t\t<div class=\"elementor-widget-container\">\n\t\t\t\t\t\t\t\t\t<p>&#8211; H+ Bildung, Aarau <a href=\"http:\/\/www.hplus-bildung.ch\/\" data-cke-saved-href=\"http:\/\/www.hplus-bildung.ch\/\">www.hplus-bildung.ch<\/a><\/p><p>&#8211; XUNND Bildung Gesundheit Zentralschweiz <a href=\"http:\/\/www.xund.ch\" data-cke-saved-href=\"http:\/\/www.xund.ch\">www.xund.ch<\/a><\/p><p>&#8211; Alzheimer Luzern (Schulung f\u00fcr Angeh\u00f6rige) <a href=\"https:\/\/www.alzheimer-schweiz.ch\/de\/luzern\/ueber-uns\/beitrag\/geschaeftsstelle-3\">Alzheimer Luzern Gesch\u00e4ftsstelle<\/a><\/p><p>&#8211; Institut Alter, BFH (Prof. Bernhard M\u00fcller,Projektleiter Eigenweltorientierte Kommunikation <a href=\"https:\/\/www.bfh.ch\/soziale-arbeit\/de\/aktuell\/news\/2023\/eigenweltorientierte-kommunikation-demenz\/\" data-cke-saved-href=\"https:\/\/www.bfh.ch\/soziale-arbeit\/de\/aktuell\/news\/2023\/eigenweltorientierte-kommunikation-demenz\/\">BFH Eigenweltorientierte Kommunikation Demenz<\/a><\/p><p>&#8211; Berghof Wohn- und Pflegezentrum, Wolhusen <a href=\"http:\/\/www.zentrum-berghof.ch\" data-cke-saved-href=\"http:\/\/www.zentrum-berghof.ch\">www.zentrum-berghof.ch<\/a><\/p><p>&#8211; Landgut Unterl\u00f6chli &#8211; Alters- und Pflegeheim, Luzern\u00a0<a href=\"https:\/\/www.unterloechli.ch\/\">www.unterloechli.ch<\/a><\/p><p>&#8211; Alterszentrum Sunmatte, K\u00f6lliken <a href=\"http:\/\/www.sunnmatte.ch\">www.sunnmatte.ch<\/a>\u00a0<\/p>\t\t\t\t\t\t\t\t<\/div>\n\t\t\t\t<\/div>\n\t\t\t\t\t<\/div>\n\t\t\t\t<\/div>\n\t\t\t\t<\/div>\n\t\t","protected":false},"excerpt":{"rendered":"<p>Referenzen von Institutionen mit denen ich zusammenarbeite &#8211; H+ Bildung, Aarau www.hplus-bildung.ch &#8211; XUNND Bildung Gesundheit Zentralschweiz www.xund.ch &#8211; Alzheimer Luzern (Schulung f\u00fcr Angeh\u00f6rige) Alzheimer Luzern Gesch\u00e4ftsstelle &#8211; Institut Alter, BFH (Prof. Bernhard M\u00fcller,Projektleiter Eigenweltorientierte Kommunikation BFH Eigenweltorientierte Kommunikation Demenz &#8211; Berghof Wohn- und Pflegezentrum, Wolhusen www.zentrum-berghof.ch &#8211; Landgut Unterl\u00f6chli &#8211; Alters- und Pflegeheim, Luzern\u00a0www.unterloechli.ch&hellip;&nbsp;<a href=\"https:\/\/tomas-kobi.ch\/cms\/referenzen\/\" rel=\"bookmark\">Weiterlesen &raquo;<span class=\"screen-reader-text\">Referenzen<\/span><\/a><\/p>\n","protected":false},"author":1,"featured_media":0,"parent":0,"menu_order":0,"comment_status":"closed","ping_status":"closed","template":"page-templates\/template-pagebuilder-full-width.php","meta":{"neve_meta_sidebar":"","neve_meta_container":"","neve_meta_enable_content_width":"","neve_meta_content_width":0,"neve_meta_title_alignment":"","neve_meta_author_avatar":"","neve_post_elements_order":"","neve_meta_disable_header":"","neve_meta_disable_footer":"","neve_meta_disable_title":"","footnotes":""},"class_list":["post-161","page","type-page","status-publish","hentry"],"_links":{"self":[{"href":"https:\/\/tomas-kobi.ch\/cms\/wp-json\/wp\/v2\/pages\/161","targetHints":{"allow":["GET"]}}],"collection":[{"href":"https:\/\/tomas-kobi.ch\/cms\/wp-json\/wp\/v2\/pages"}],"about":[{"href":"https:\/\/tomas-kobi.ch\/cms\/wp-json\/wp\/v2\/types\/page"}],"author":[{"embeddable":true,"href":"https:\/\/tomas-kobi.ch\/cms\/wp-json\/wp\/v2\/users\/1"}],"replies":[{"embeddable":true,"href":"https:\/\/tomas-kobi.ch\/cms\/wp-json\/wp\/v2\/comments?post=161"}],"version-history":[{"count":29,"href":"https:\/\/tomas-kobi.ch\/cms\/wp-json\/wp\/v2\/pages\/161\/revisions"}],"predecessor-version":[{"id":1405,"href":"https:\/\/tomas-kobi.ch\/cms\/wp-json\/wp\/v2\/pages\/161\/revisions\/1405"}],"wp:attachment":[{"href":"https:\/\/tomas-kobi.ch\/cms\/wp-json\/wp\/v2\/media?parent=161"}],"curies":[{"name":"wp","href":"https:\/\/api.w.org\/{rel}","templated":true}]}}

<div data-elementor-type="wp-page" data-elementor-id="161" class="elementor elementor-161">
				<div class="elementor-element elementor-element-f63fdcf e-flex e-con-boxed e-con e-parent" data-id="f63fdcf" data-element_type="container" data-e-type="container">
					<div class="e-con-inner">
				<div class="elementor-element elementor-element-3083dd1 elementor-widget elementor-widget-spacer" data-id="3083dd1" data-element_type="widget" data-e-type="widget" data-widget_type="spacer.default">
				<div class="elementor-widget-container">
							<div class="elementor-spacer">
			<div class="elementor-spacer-inner"></div>
		</div>
						</div>
				</div>
				<div class="elementor-element elementor-element-5e061d6 elementor-widget elementor-widget-heading" data-id="5e061d6" data-element_type="widget" data-e-type="widget" data-widget_type="heading.default">
				<div class="elementor-widget-container">
					<h2 class="elementor-heading-title elementor-size-default">Referenzen von Institutionen mit denen ich zusammenarbeite</h2>				</div>
				</div>
				<div class="elementor-element elementor-element-b8d928e elementor-widget elementor-widget-text-editor" data-id="b8d928e" data-element_type="widget" data-e-type="widget" data-widget_type="text-editor.default">
				<div class="elementor-widget-container">
									<p>&#8211; H+ Bildung, Aarau <a href="http://www.hplus-bildung.ch/" data-cke-saved-href="http://www.hplus-bildung.ch/">www.hplus-bildung.ch</a></p><p>&#8211; XUNND Bildung Gesundheit Zentralschweiz <a href="http://www.xund.ch" data-cke-saved-href="http://www.xund.ch">www.xund.ch</a></p><p>&#8211; Alzheimer Luzern (Schulung für Angehörige) <a href="https://www.alzheimer-schweiz.ch/de/luzern/ueber-uns/beitrag/geschaeftsstelle-3">Alzheimer Luzern Geschäftsstelle</a></p><p>&#8211; Institut Alter, BFH (Prof. Bernhard Müller,Projektleiter Eigenweltorientierte Kommunikation <a href="https://www.bfh.ch/soziale-arbeit/de/aktuell/news/2023/eigenweltorientierte-kommunikation-demenz/" data-cke-saved-href="https://www.bfh.ch/soziale-arbeit/de/aktuell/news/2023/eigenweltorientierte-kommunikation-demenz/">BFH Eigenweltorientierte Kommunikation Demenz</a></p><p>&#8211; Berghof Wohn- und Pflegezentrum, Wolhusen <a href="http://www.zentrum-berghof.ch" data-cke-saved-href="http://www.zentrum-berghof.ch">www.zentrum-berghof.ch</a></p><p>&#8211; Landgut Unterlöchli &#8211; Alters- und Pflegeheim, Luzern <a href="https://www.unterloechli.ch/">www.unterloechli.ch</a></p><p>&#8211; Alterszentrum Sunmatte, Kölliken <a href="http://www.sunnmatte.ch">www.sunnmatte.ch</a> </p>								</div>
				</div>
					</div>
				</div>
				</div>

<p>Referenzen von Institutionen mit denen ich zusammenarbeite &#8211; H+ Bildung, Aarau www.hplus-bildung.ch &#8211; XUNND Bildung Gesundheit Zentralschweiz www.xund.ch &#8211; Alzheimer Luzern (Schulung für Angehörige) Alzheimer Luzern Geschäftsstelle &#8211; Institut Alter, BFH (Prof. Bernhard Müller,Projektleiter Eigenweltorientierte Kommunikation BFH Eigenweltorientierte Kommunikation Demenz &#8211; Berghof Wohn- und Pflegezentrum, Wolhusen www.zentrum-berghof.ch &#8211; Landgut Unterlöchli &#8211; Alters- und Pflegeheim, Luzern www.unterloechli.ch&hellip;&nbsp;<a href="https://tomas-kobi.ch/cms/referenzen/" rel="bookmark">Weiterlesen &raquo;<span class="screen-reader-text">Referenzen</span></a></p>
