{"id":39,"date":"2024-07-09T09:42:04","date_gmt":"2024-07-09T07:42:04","guid":{"rendered":"https:\/\/tomas-kobi.ch\/cms\/?page_id=39"},"modified":"2024-07-28T18:27:50","modified_gmt":"2024-07-28T16:27:50","slug":"idiolektik","status":"publish","type":"page","link":"https:\/\/tomas-kobi.ch\/cms\/idiolektik\/","title":{"rendered":"Idiolektik"},"content":{"rendered":"\t\t<div data-elementor-type=\"wp-page\" data-elementor-id=\"39\" class=\"elementor elementor-39\">\n\t\t\t\t<div class=\"elementor-element elementor-element-b36564c e-flex e-con-boxed e-con e-parent\" data-id=\"b36564c\" data-element_type=\"container\" data-e-type=\"container\">\n\t\t\t\t\t<div class=\"e-con-inner\">\n\t\t<div class=\"elementor-element elementor-element-0dd4e35 e-con-full e-flex e-con e-child\" data-id=\"0dd4e35\" data-element_type=\"container\" data-e-type=\"container\">\n\t\t\t\t<div class=\"elementor-element elementor-element-e0ed8cc elementor-widget elementor-widget-heading\" data-id=\"e0ed8cc\" data-element_type=\"widget\" data-e-type=\"widget\" data-widget_type=\"heading.default\">\n\t\t\t\t<div class=\"elementor-widget-container\">\n\t\t\t\t\t<h2 class=\"elementor-heading-title elementor-size-default\">Idiolektik<\/h2>\t\t\t\t<\/div>\n\t\t\t\t<\/div>\n\t\t\t\t<div class=\"elementor-element elementor-element-7859607 elementor-widget elementor-widget-text-editor\" data-id=\"7859607\" data-element_type=\"widget\" data-e-type=\"widget\" data-widget_type=\"text-editor.default\">\n\t\t\t\t<div class=\"elementor-widget-container\">\n\t\t\t\t\t\t\t\t\t<p>Idiolektik ist der methodische, sorgf\u00e4ltige und pr\u00e4zise Umgang mit Eigensprache. Die Haltung ist gepr\u00e4gt von der kompromisslosen Anerkennung der Sicht des Anderen. Genaues Zuh\u00f6ren und fragendes Aufnehmen der Worte f\u00fchrt zum Wahrnehmen und W\u00fcrdigen unseres Gegen\u00fcbers\u00a0<em> (Tilman Rentel)<\/em>.<\/p>\t\t\t\t\t\t\t\t<\/div>\n\t\t\t\t<\/div>\n\t\t\t\t<div class=\"elementor-element elementor-element-dff83fe elementor-widget elementor-widget-spacer\" data-id=\"dff83fe\" data-element_type=\"widget\" data-e-type=\"widget\" data-widget_type=\"spacer.default\">\n\t\t\t\t<div class=\"elementor-widget-container\">\n\t\t\t\t\t\t\t<div class=\"elementor-spacer\">\n\t\t\t<div class=\"elementor-spacer-inner\"><\/div>\n\t\t<\/div>\n\t\t\t\t\t\t<\/div>\n\t\t\t\t<\/div>\n\t\t\t\t<div class=\"elementor-element elementor-element-b96f335 elementor-widget elementor-widget-bae-pdf-native-embedder\" data-id=\"b96f335\" data-element_type=\"widget\" data-e-type=\"widget\" data-widget_type=\"bae-pdf-native-embedder.default\">\n\t\t\t\t<div class=\"elementor-widget-container\">\n\t\t\t\t\t\t\t<div class =\"native_style\">\r\n\t\t\t\t\t        <h3>Wie zeigt sich Idiolektik Eigensprache \/ Tomas Kobi<\/h3>\r\n\t\t          \t\t<div class=\"download\">\r\n\t\t\t\t\t\t\t<\/div>\r\n\t\t<\/div>\r\n\t\t\t\t<div class=\"my_native\">\r\n\t\t\t<iframe src=\"https:\/\/tomas-kobi.ch\/cms\/wp-content\/uploads\/2024\/07\/Wie-zeigt-sich-Idiolektik.pdf\"><\/iframe>\r\n\t\t<\/div>\r\n\t\t\t\t\t<\/div>\n\t\t\t\t<\/div>\n\t\t\t\t<div class=\"elementor-element elementor-element-5271167 elementor-widget elementor-widget-spacer\" data-id=\"5271167\" data-element_type=\"widget\" data-e-type=\"widget\" data-widget_type=\"spacer.default\">\n\t\t\t\t<div class=\"elementor-widget-container\">\n\t\t\t\t\t\t\t<div class=\"elementor-spacer\">\n\t\t\t<div class=\"elementor-spacer-inner\"><\/div>\n\t\t<\/div>\n\t\t\t\t\t\t<\/div>\n\t\t\t\t<\/div>\n\t\t\t\t<div class=\"elementor-element elementor-element-d594abe elementor-widget elementor-widget-bae-pdf-native-embedder\" data-id=\"d594abe\" data-element_type=\"widget\" data-e-type=\"widget\" data-widget_type=\"bae-pdf-native-embedder.default\">\n\t\t\t\t<div class=\"elementor-widget-container\">\n\t\t\t\t\t\t\t<div class =\"native_style\">\r\n\t\t\t\t\t        <h3>Achtsamkeit-Innere Haltung-Kongruenz-Empathie 2017<\/h3>\r\n\t\t          \t\t<div class=\"download\">\r\n\t\t\t\t\t\t\t<\/div>\r\n\t\t<\/div>\r\n\t\t\t\t<div class=\"my_native\">\r\n\t\t\t<iframe src=\"https:\/\/tomas-kobi.ch\/cms\/wp-content\/uploads\/2024\/07\/Achtsamkeit-Innere-Haltung-Kongruenz-Empathie-NovaCura-2017.pdf\"><\/iframe>\r\n\t\t<\/div>\r\n\t\t\t\t\t<\/div>\n\t\t\t\t<\/div>\n\t\t\t\t<div class=\"elementor-element elementor-element-325e8d3 elementor-widget elementor-widget-spacer\" data-id=\"325e8d3\" data-element_type=\"widget\" data-e-type=\"widget\" data-widget_type=\"spacer.default\">\n\t\t\t\t<div class=\"elementor-widget-container\">\n\t\t\t\t\t\t\t<div class=\"elementor-spacer\">\n\t\t\t<div class=\"elementor-spacer-inner\"><\/div>\n\t\t<\/div>\n\t\t\t\t\t\t<\/div>\n\t\t\t\t<\/div>\n\t\t\t\t<div class=\"elementor-element elementor-element-db5093f elementor-widget elementor-widget-bae-pdf-native-embedder\" data-id=\"db5093f\" data-element_type=\"widget\" data-e-type=\"widget\" data-widget_type=\"bae-pdf-native-embedder.default\">\n\t\t\t\t<div class=\"elementor-widget-container\">\n\t\t\t\t\t\t\t<div class =\"native_style\">\r\n\t\t\t\t\t        <h3>Idiolektik und Pflege 2013 <\/h3>\r\n\t\t          \t\t<div class=\"download\">\r\n\t\t\t\t\t\t\t<\/div>\r\n\t\t<\/div>\r\n\t\t\t\t<div class=\"my_native\">\r\n\t\t\t<iframe src=\"https:\/\/tomas-kobi.ch\/cms\/wp-content\/uploads\/2024\/07\/Idiolektik-und-Pflege-Padua-2013.pdf\"><\/iframe>\r\n\t\t<\/div>\r\n\t\t\t\t\t<\/div>\n\t\t\t\t<\/div>\n\t\t\t\t<\/div>\n\t\t<div class=\"elementor-element elementor-element-b91eb71 e-con-full e-flex e-con e-child\" data-id=\"b91eb71\" data-element_type=\"container\" data-e-type=\"container\">\n\t\t\t\t<div class=\"elementor-element elementor-element-e70440f elementor-widget elementor-widget-spacer\" data-id=\"e70440f\" data-element_type=\"widget\" data-e-type=\"widget\" data-widget_type=\"spacer.default\">\n\t\t\t\t<div class=\"elementor-widget-container\">\n\t\t\t\t\t\t\t<div class=\"elementor-spacer\">\n\t\t\t<div class=\"elementor-spacer-inner\"><\/div>\n\t\t<\/div>\n\t\t\t\t\t\t<\/div>\n\t\t\t\t<\/div>\n\t\t\t\t<div class=\"elementor-element elementor-element-505d4c5 elementor-widget elementor-widget-spacer\" data-id=\"505d4c5\" data-element_type=\"widget\" data-e-type=\"widget\" data-widget_type=\"spacer.default\">\n\t\t\t\t<div class=\"elementor-widget-container\">\n\t\t\t\t\t\t\t<div class=\"elementor-spacer\">\n\t\t\t<div class=\"elementor-spacer-inner\"><\/div>\n\t\t<\/div>\n\t\t\t\t\t\t<\/div>\n\t\t\t\t<\/div>\n\t\t\t\t<div class=\"elementor-element elementor-element-cecb675 elementor-widget elementor-widget-spacer\" data-id=\"cecb675\" data-element_type=\"widget\" data-e-type=\"widget\" data-widget_type=\"spacer.default\">\n\t\t\t\t<div class=\"elementor-widget-container\">\n\t\t\t\t\t\t\t<div class=\"elementor-spacer\">\n\t\t\t<div class=\"elementor-spacer-inner\"><\/div>\n\t\t<\/div>\n\t\t\t\t\t\t<\/div>\n\t\t\t\t<\/div>\n\t\t\t\t<div class=\"elementor-element elementor-element-018de89 elementor-widget elementor-widget-spacer\" data-id=\"018de89\" data-element_type=\"widget\" data-e-type=\"widget\" data-widget_type=\"spacer.default\">\n\t\t\t\t<div class=\"elementor-widget-container\">\n\t\t\t\t\t\t\t<div class=\"elementor-spacer\">\n\t\t\t<div class=\"elementor-spacer-inner\"><\/div>\n\t\t<\/div>\n\t\t\t\t\t\t<\/div>\n\t\t\t\t<\/div>\n\t\t\t\t<div class=\"elementor-element elementor-element-8185731 elementor-widget elementor-widget-spacer\" data-id=\"8185731\" data-element_type=\"widget\" data-e-type=\"widget\" data-widget_type=\"spacer.default\">\n\t\t\t\t<div class=\"elementor-widget-container\">\n\t\t\t\t\t\t\t<div class=\"elementor-spacer\">\n\t\t\t<div class=\"elementor-spacer-inner\"><\/div>\n\t\t<\/div>\n\t\t\t\t\t\t<\/div>\n\t\t\t\t<\/div>\n\t\t\t\t<div class=\"elementor-element elementor-element-c35ae8f elementor-widget elementor-widget-bae-pdf-native-embedder\" data-id=\"c35ae8f\" data-element_type=\"widget\" data-e-type=\"widget\" data-widget_type=\"bae-pdf-native-embedder.default\">\n\t\t\t\t<div class=\"elementor-widget-container\">\n\t\t\t\t\t\t\t<div class =\"native_style\">\r\n\t\t\t\t\t        <h3>Idiolektische Gespr\u00e4chsf\u00fchrung Kommunikation im Pflegealltag 2022<\/h3>\r\n\t\t          \t\t<div class=\"download\">\r\n\t\t\t\t\t\t\t<\/div>\r\n\t\t<\/div>\r\n\t\t\t\t<div class=\"my_native\">\r\n\t\t\t<iframe src=\"https:\/\/tomas-kobi.ch\/cms\/wp-content\/uploads\/2024\/07\/Idiolektische-Gespraechsfuehrung-Kommunikation-im-Pflegealltag.pdf\"><\/iframe>\r\n\t\t<\/div>\r\n\t\t\t\t\t<\/div>\n\t\t\t\t<\/div>\n\t\t\t\t<div class=\"elementor-element elementor-element-a02626a elementor-widget elementor-widget-spacer\" data-id=\"a02626a\" data-element_type=\"widget\" data-e-type=\"widget\" data-widget_type=\"spacer.default\">\n\t\t\t\t<div class=\"elementor-widget-container\">\n\t\t\t\t\t\t\t<div class=\"elementor-spacer\">\n\t\t\t<div class=\"elementor-spacer-inner\"><\/div>\n\t\t<\/div>\n\t\t\t\t\t\t<\/div>\n\t\t\t\t<\/div>\n\t\t\t\t<div class=\"elementor-element elementor-element-2f8b6e1 elementor-widget elementor-widget-bae-pdf-native-embedder\" data-id=\"2f8b6e1\" data-element_type=\"widget\" data-e-type=\"widget\" data-widget_type=\"bae-pdf-native-embedder.default\">\n\t\t\t\t<div class=\"elementor-widget-container\">\n\t\t\t\t\t\t\t<div class =\"native_style\">\r\n\t\t\t\t\t        <h3>Demenz - Subjektorientierung - Eigensprache 2017<\/h3>\r\n\t\t          \t\t<div class=\"download\">\r\n\t\t\t\t\t\t\t<\/div>\r\n\t\t<\/div>\r\n\t\t\t\t<div class=\"my_native\">\r\n\t\t\t<iframe src=\"https:\/\/tomas-kobi.ch\/cms\/wp-content\/uploads\/2024\/07\/Demenz-und-Subiektorientierung-Eigensprache-bei-MmD.pdf\"><\/iframe>\r\n\t\t<\/div>\r\n\t\t\t\t\t<\/div>\n\t\t\t\t<\/div>\n\t\t\t\t<div class=\"elementor-element elementor-element-2399dad elementor-widget elementor-widget-spacer\" data-id=\"2399dad\" data-element_type=\"widget\" data-e-type=\"widget\" data-widget_type=\"spacer.default\">\n\t\t\t\t<div class=\"elementor-widget-container\">\n\t\t\t\t\t\t\t<div class=\"elementor-spacer\">\n\t\t\t<div class=\"elementor-spacer-inner\"><\/div>\n\t\t<\/div>\n\t\t\t\t\t\t<\/div>\n\t\t\t\t<\/div>\n\t\t\t\t<div class=\"elementor-element elementor-element-2bc5503 elementor-widget elementor-widget-bae-pdf-native-embedder\" data-id=\"2bc5503\" data-element_type=\"widget\" data-e-type=\"widget\" data-widget_type=\"bae-pdf-native-embedder.default\">\n\t\t\t\t<div class=\"elementor-widget-container\">\n\t\t\t\t\t\t\t<div class =\"native_style\">\r\n\t\t\t\t\t        <h3>Ressourcen und Resilienz in der Eigensprache 2012<\/h3>\r\n\t\t          \t\t<div class=\"download\">\r\n\t\t\t\t\t\t\t<\/div>\r\n\t\t<\/div>\r\n\t\t\t\t<div class=\"my_native\">\r\n\t\t\t<iframe src=\"https:\/\/tomas-kobi.ch\/cms\/wp-content\/uploads\/2024\/07\/Ressourcen-und-Resilienz-in-der-Eigensprache-2012.pdf\"><\/iframe>\r\n\t\t<\/div>\r\n\t\t\t\t\t<\/div>\n\t\t\t\t<\/div>\n\t\t\t\t<\/div>\n\t\t\t\t\t<\/div>\n\t\t\t\t<\/div>\n\t\t\t\t<\/div>\n\t\t","protected":false},"excerpt":{"rendered":"<p>Idiolektik Idiolektik ist der methodische, sorgf\u00e4ltige und pr\u00e4zise Umgang mit Eigensprache. Die Haltung ist gepr\u00e4gt von der kompromisslosen Anerkennung der Sicht des Anderen. Genaues Zuh\u00f6ren und fragendes Aufnehmen der Worte f\u00fchrt zum Wahrnehmen und W\u00fcrdigen unseres Gegen\u00fcbers\u00a0 (Tilman Rentel). Wie zeigt sich Idiolektik Eigensprache \/ Tomas Kobi PDF Download Achtsamkeit-Innere Haltung-Kongruenz-Empathie 2017 PDF Download Idiolektik&hellip;&nbsp;<a href=\"https:\/\/tomas-kobi.ch\/cms\/idiolektik\/\" rel=\"bookmark\">Weiterlesen &raquo;<span class=\"screen-reader-text\">Idiolektik<\/span><\/a><\/p>\n","protected":false},"author":1,"featured_media":0,"parent":0,"menu_order":0,"comment_status":"closed","ping_status":"closed","template":"page-templates\/template-pagebuilder-full-width.php","meta":{"neve_meta_sidebar":"","neve_meta_container":"","neve_meta_enable_content_width":"","neve_meta_content_width":0,"neve_meta_title_alignment":"","neve_meta_author_avatar":"","neve_post_elements_order":"","neve_meta_disable_header":"","neve_meta_disable_footer":"","neve_meta_disable_title":"","footnotes":""},"class_list":["post-39","page","type-page","status-publish","hentry"],"_links":{"self":[{"href":"https:\/\/tomas-kobi.ch\/cms\/wp-json\/wp\/v2\/pages\/39","targetHints":{"allow":["GET"]}}],"collection":[{"href":"https:\/\/tomas-kobi.ch\/cms\/wp-json\/wp\/v2\/pages"}],"about":[{"href":"https:\/\/tomas-kobi.ch\/cms\/wp-json\/wp\/v2\/types\/page"}],"author":[{"embeddable":true,"href":"https:\/\/tomas-kobi.ch\/cms\/wp-json\/wp\/v2\/users\/1"}],"replies":[{"embeddable":true,"href":"https:\/\/tomas-kobi.ch\/cms\/wp-json\/wp\/v2\/comments?post=39"}],"version-history":[{"count":37,"href":"https:\/\/tomas-kobi.ch\/cms\/wp-json\/wp\/v2\/pages\/39\/revisions"}],"predecessor-version":[{"id":676,"href":"https:\/\/tomas-kobi.ch\/cms\/wp-json\/wp\/v2\/pages\/39\/revisions\/676"}],"wp:attachment":[{"href":"https:\/\/tomas-kobi.ch\/cms\/wp-json\/wp\/v2\/media?parent=39"}],"curies":[{"name":"wp","href":"https:\/\/api.w.org\/{rel}","templated":true}]}}

<div data-elementor-type="wp-page" data-elementor-id="39" class="elementor elementor-39">
				<div class="elementor-element elementor-element-b36564c e-flex e-con-boxed e-con e-parent" data-id="b36564c" data-element_type="container" data-e-type="container">
					<div class="e-con-inner">
		<div class="elementor-element elementor-element-0dd4e35 e-con-full e-flex e-con e-child" data-id="0dd4e35" data-element_type="container" data-e-type="container">
				<div class="elementor-element elementor-element-e0ed8cc elementor-widget elementor-widget-heading" data-id="e0ed8cc" data-element_type="widget" data-e-type="widget" data-widget_type="heading.default">
				<div class="elementor-widget-container">
					<h2 class="elementor-heading-title elementor-size-default">Idiolektik</h2>				</div>
				</div>
				<div class="elementor-element elementor-element-7859607 elementor-widget elementor-widget-text-editor" data-id="7859607" data-element_type="widget" data-e-type="widget" data-widget_type="text-editor.default">
				<div class="elementor-widget-container">
									<p>Idiolektik ist der methodische, sorgfältige und präzise Umgang mit Eigensprache. Die Haltung ist geprägt von der kompromisslosen Anerkennung der Sicht des Anderen. Genaues Zuhören und fragendes Aufnehmen der Worte führt zum Wahrnehmen und Würdigen unseres Gegenübers <em> (Tilman Rentel)</em>.</p>								</div>
				</div>
				<div class="elementor-element elementor-element-dff83fe elementor-widget elementor-widget-spacer" data-id="dff83fe" data-element_type="widget" data-e-type="widget" data-widget_type="spacer.default">
				<div class="elementor-widget-container">
							<div class="elementor-spacer">
			<div class="elementor-spacer-inner"></div>
		</div>
						</div>
				</div>
				<div class="elementor-element elementor-element-b96f335 elementor-widget elementor-widget-bae-pdf-native-embedder" data-id="b96f335" data-element_type="widget" data-e-type="widget" data-widget_type="bae-pdf-native-embedder.default">
				<div class="elementor-widget-container">
							<div class ="native_style">
					        <h3>Wie zeigt sich Idiolektik Eigensprache / Tomas Kobi</h3>
		          		<div class="download">
							</div>
		</div>
				<div class="my_native">
			<iframe src="https://tomas-kobi.ch/cms/wp-content/uploads/2024/07/Wie-zeigt-sich-Idiolektik.pdf"></iframe>
		</div>
					</div>
				</div>
				<div class="elementor-element elementor-element-5271167 elementor-widget elementor-widget-spacer" data-id="5271167" data-element_type="widget" data-e-type="widget" data-widget_type="spacer.default">
				<div class="elementor-widget-container">
							<div class="elementor-spacer">
			<div class="elementor-spacer-inner"></div>
		</div>
						</div>
				</div>
				<div class="elementor-element elementor-element-d594abe elementor-widget elementor-widget-bae-pdf-native-embedder" data-id="d594abe" data-element_type="widget" data-e-type="widget" data-widget_type="bae-pdf-native-embedder.default">
				<div class="elementor-widget-container">
							<div class ="native_style">
					        <h3>Achtsamkeit-Innere Haltung-Kongruenz-Empathie 2017</h3>
		          		<div class="download">
							</div>
		</div>
				<div class="my_native">
			<iframe src="https://tomas-kobi.ch/cms/wp-content/uploads/2024/07/Achtsamkeit-Innere-Haltung-Kongruenz-Empathie-NovaCura-2017.pdf"></iframe>
		</div>
					</div>
				</div>
				<div class="elementor-element elementor-element-325e8d3 elementor-widget elementor-widget-spacer" data-id="325e8d3" data-element_type="widget" data-e-type="widget" data-widget_type="spacer.default">
				<div class="elementor-widget-container">
							<div class="elementor-spacer">
			<div class="elementor-spacer-inner"></div>
		</div>
						</div>
				</div>
				<div class="elementor-element elementor-element-db5093f elementor-widget elementor-widget-bae-pdf-native-embedder" data-id="db5093f" data-element_type="widget" data-e-type="widget" data-widget_type="bae-pdf-native-embedder.default">
				<div class="elementor-widget-container">
							<div class ="native_style">
					        <h3>Idiolektik und Pflege 2013 </h3>
		          		<div class="download">
							</div>
		</div>
				<div class="my_native">
			<iframe src="https://tomas-kobi.ch/cms/wp-content/uploads/2024/07/Idiolektik-und-Pflege-Padua-2013.pdf"></iframe>
		</div>
					</div>
				</div>
				</div>
		<div class="elementor-element elementor-element-b91eb71 e-con-full e-flex e-con e-child" data-id="b91eb71" data-element_type="container" data-e-type="container">
				<div class="elementor-element elementor-element-e70440f elementor-widget elementor-widget-spacer" data-id="e70440f" data-element_type="widget" data-e-type="widget" data-widget_type="spacer.default">
				<div class="elementor-widget-container">
							<div class="elementor-spacer">
			<div class="elementor-spacer-inner"></div>
		</div>
						</div>
				</div>
				<div class="elementor-element elementor-element-505d4c5 elementor-widget elementor-widget-spacer" data-id="505d4c5" data-element_type="widget" data-e-type="widget" data-widget_type="spacer.default">
				<div class="elementor-widget-container">
							<div class="elementor-spacer">
			<div class="elementor-spacer-inner"></div>
		</div>
						</div>
				</div>
				<div class="elementor-element elementor-element-cecb675 elementor-widget elementor-widget-spacer" data-id="cecb675" data-element_type="widget" data-e-type="widget" data-widget_type="spacer.default">
				<div class="elementor-widget-container">
							<div class="elementor-spacer">
			<div class="elementor-spacer-inner"></div>
		</div>
						</div>
				</div>
				<div class="elementor-element elementor-element-018de89 elementor-widget elementor-widget-spacer" data-id="018de89" data-element_type="widget" data-e-type="widget" data-widget_type="spacer.default">
				<div class="elementor-widget-container">
							<div class="elementor-spacer">
			<div class="elementor-spacer-inner"></div>
		</div>
						</div>
				</div>
				<div class="elementor-element elementor-element-8185731 elementor-widget elementor-widget-spacer" data-id="8185731" data-element_type="widget" data-e-type="widget" data-widget_type="spacer.default">
				<div class="elementor-widget-container">
							<div class="elementor-spacer">
			<div class="elementor-spacer-inner"></div>
		</div>
						</div>
				</div>
				<div class="elementor-element elementor-element-c35ae8f elementor-widget elementor-widget-bae-pdf-native-embedder" data-id="c35ae8f" data-element_type="widget" data-e-type="widget" data-widget_type="bae-pdf-native-embedder.default">
				<div class="elementor-widget-container">
							<div class ="native_style">
					        <h3>Idiolektische Gesprächsführung Kommunikation im Pflegealltag 2022</h3>
		          		<div class="download">
							</div>
		</div>
				<div class="my_native">
			<iframe src="https://tomas-kobi.ch/cms/wp-content/uploads/2024/07/Idiolektische-Gespraechsfuehrung-Kommunikation-im-Pflegealltag.pdf"></iframe>
		</div>
					</div>
				</div>
				<div class="elementor-element elementor-element-a02626a elementor-widget elementor-widget-spacer" data-id="a02626a" data-element_type="widget" data-e-type="widget" data-widget_type="spacer.default">
				<div class="elementor-widget-container">
							<div class="elementor-spacer">
			<div class="elementor-spacer-inner"></div>
		</div>
						</div>
				</div>
				<div class="elementor-element elementor-element-2f8b6e1 elementor-widget elementor-widget-bae-pdf-native-embedder" data-id="2f8b6e1" data-element_type="widget" data-e-type="widget" data-widget_type="bae-pdf-native-embedder.default">
				<div class="elementor-widget-container">
							<div class ="native_style">
					        <h3>Demenz - Subjektorientierung - Eigensprache 2017</h3>
		          		<div class="download">
							</div>
		</div>
				<div class="my_native">
			<iframe src="https://tomas-kobi.ch/cms/wp-content/uploads/2024/07/Demenz-und-Subiektorientierung-Eigensprache-bei-MmD.pdf"></iframe>
		</div>
					</div>
				</div>
				<div class="elementor-element elementor-element-2399dad elementor-widget elementor-widget-spacer" data-id="2399dad" data-element_type="widget" data-e-type="widget" data-widget_type="spacer.default">
				<div class="elementor-widget-container">
							<div class="elementor-spacer">
			<div class="elementor-spacer-inner"></div>
		</div>
						</div>
				</div>
				<div class="elementor-element elementor-element-2bc5503 elementor-widget elementor-widget-bae-pdf-native-embedder" data-id="2bc5503" data-element_type="widget" data-e-type="widget" data-widget_type="bae-pdf-native-embedder.default">
				<div class="elementor-widget-container">
							<div class ="native_style">
					        <h3>Ressourcen und Resilienz in der Eigensprache 2012</h3>
		          		<div class="download">
							</div>
		</div>
				<div class="my_native">
			<iframe src="https://tomas-kobi.ch/cms/wp-content/uploads/2024/07/Ressourcen-und-Resilienz-in-der-Eigensprache-2012.pdf"></iframe>
		</div>
					</div>
				</div>
				</div>
					</div>
				</div>
				</div>

<p>Idiolektik Idiolektik ist der methodische, sorgfältige und präzise Umgang mit Eigensprache. Die Haltung ist geprägt von der kompromisslosen Anerkennung der Sicht des Anderen. Genaues Zuhören und fragendes Aufnehmen der Worte führt zum Wahrnehmen und Würdigen unseres Gegenübers  (Tilman Rentel). Wie zeigt sich Idiolektik Eigensprache / Tomas Kobi PDF Download Achtsamkeit-Innere Haltung-Kongruenz-Empathie 2017 PDF Download Idiolektik&hellip;&nbsp;<a href="https://tomas-kobi.ch/cms/idiolektik/" rel="bookmark">Weiterlesen &raquo;<span class="screen-reader-text">Idiolektik</span></a></p>
